 -5*j - 23 = -4*f - 3. Suppose f*m - 5*c = m - 21, 3*m = 2*c + 29. List the prime factors of m.
11
Let z(j) = j**2 - 5*j + 3. Let o be z(6). Let d = -7 + o. Suppose 5*a = -4*b + 75, -d*b + 69 = 4*a + 15. What are the prime factors of a?
11
Suppose 3*v - 8*t + 3*t - 2401 = 0, 3*t = -6. List the prime factors of v.
797
Let n be (-5)/(10/14) + 1. What are the prime factors of ((-5)/(-3))/(n*5/(-450))?
5
Suppose 5*w = w + 552. Suppose 4*q = u - 0*u + w, 0 = -4*q - 3*u + 146. List the prime factors of -30*(-7)/(q/4).
2, 3
Suppose 2 = i, p = 2*i + 8 + 1. Suppose 2*k - 9 = p. What are the prime factors of k?
11
Let o = 16 + -16. Let s(v) = v + 30. List the prime factors of s(o).
2, 3, 5
Suppose 16*r - 25*r + 2637 = 0. What are the prime factors of r?
293
Let m(a) = -a**2 + 13*a - 13. Let f(x) = -x**2 - 1 + 0*x - 10*x + 2*x. Let i be f(-6). List the prime factors of m(i).
3
Let v(m) = 110*m + 5. Let n(d) = 1. Let c(r) = -5*n(r) + v(r). Let b be c(1). Suppose 5*l = 5*a + b, 4*l - 2*l = -2*a + 48. List the prime factors of l.
23
Let u be (-4)/12 + 106/3. What are the prime factors of 2/(-7) - (-2075)/u?
59
Let m(z) be the first derivative of z**2 - 1/3*z**3 + 8 - 51/4*z**4 + z. List the prime factors of m(-1).
7
Let p be ((1 - 11)*3/(-5))/2. Suppose -3*i = -3*v - 510, -i + 683 = 3*i - p*v. What are the prime factors of i?
173
Suppose 6*u = u - 20. Let a(r) = -74*r + 14. List the prime factors of a(u).
2, 5, 31
Let c(n) = 2*n**3 + 52*n - 2 - 53*n + 0. What are the prime factors of c(4)?
2, 61
Let l(n) = 2*n**3 - 3*n**2 - 18*n + 1. Let s be l(5). Let t = s + 207. What are the prime factors of t?
293
Suppose 0 = 2*y + 5*s - 69 - 20, 5*y + 2*s - 191 = 0. List the prime factors of -2 - -1*(y + -3).
2
Let a = -142 - -57. What are the prime factors of 4*(3 - (a + 4))?
2, 3, 7
Let j = -189 + 495. What are the prime factors of j?
2, 3, 17
Suppose 0 = -0*i - i - 16. Let l be (-1)/(-4) - (-26)/(-8). List the prime factors of (-4 - l) + i/(-1).
3, 5
Let k be 6/(-9) - (-1689)/9. Let t = k + -132. List the prime factors of t.
5, 11
Suppose 3*f = 1 - 10. What are the prime factors of 1 - 5*(72/1)/f?
11
Suppose -34*w + 26*w = -14360. What are the prime factors of w?
5, 359
Let k = 26 - 24. Suppose 43 = 3*v - 5*p, -v + k*v - 15 = p. Suppose -5*j + 307 = -4*d, 4*d - v = -3*j + 181. What are the prime factors of j?
3, 7
Let x(k) = k**2 + 5*k - 3. Let m be x(-6). Suppose 3*w - 5*l + 15 = 0, 2*l + 0 = m*w + 6. Suppose w = 3*i + 13 - 157. What are the prime factors of i?
2, 3
Let t(c) = 1 + 31 - 4*c - 4*c + 5*c. What are the prime factors of t(-13)?
71
Suppose 3*g - 911 = 742. What are the prime factors of g?
19, 29
Let y(l) = -l**2 - 4*l - 4. Let s be y(-4). List the prime factors of s/24 - (-2195)/30.
73
Let j = 267 + -85. Let s = j + -25. What are the prime factors of s?
157
Let j(w) = 2*w**2 - 5*w. Let m be j(5). Suppose 5*y + m = 6*y. List the prime factors of y.
5
Let o = 22 + -16. List the prime factors of (33/o)/((-2)/(-24)).
2, 3, 11
Let m = -8 + 12. Suppose -m*r - 42 = -l - 8*r, -2*l = 4*r - 64. Let k = l - -9. What are the prime factors of k?
31
Suppose 1 = h, -4*p + 9 + 6 = 3*h. Let f(u) = 5*u + 0 + p + 4*u**2 + 2*u**3 - 3*u**3. What are the prime factors of f(4)?
23
Suppose -10149 = -17*n - 0*n. What are the prime factors of n?
3, 199
Suppose -1 = 3*p - 10. Suppose -p*k + 10 = 19. List the prime factors of k*(265/(-15) + 0).
53
Suppose -33*o + 865 = -30*o - 5*y, 4*o = -3*y + 1192. What are the prime factors of o?
5, 59
Let g = 41 + -33. Let b = g + -20. What are the prime factors of (-36)/45*b*5?
2, 3
Suppose 7*x + 6 = 9*x. Suppose -3*k + 2*h + 405 = 0, -2*k - 3*k + x*h = -674. List the prime factors of k.
7, 19
Let v be ((-20)/(-10))/(1/3*2). Suppose 2*j = 4*i + 358, -4*j + 3*i = -v*j - 184. What are the prime factors of j?
13
Let y = 126 - 95. Suppose 8*v - 281 = y. What are the prime factors of v?
3, 13
Suppose -3*t - 13*f = -14*f - 3871, -4*f - 4 = 0. List the prime factors of t.
2, 3, 5, 43
List the prime factors of 0/(-1) - (9059 - 3)/(-4).
2, 283
List the prime factors of (972/(-8))/(41/(-246)).
3
Let m(r) = -r**3 + 2*r**2 - 8*r + 5. What are the prime factors of m(-4)?
7, 19
Let s(r) = 3*r - 13. Let b(j) = 5*j - 20. Let d(t) = 5*b(t) - 8*s(t). Let k be d(-2). What are the prime factors of 82/k + (-10 - -12)?
43
Suppose -36*t = -37*t + 4. Suppose 0 = z + 3, 412 - 111 = t*x + z. What are the prime factors of x?
2, 19
Let u = 1411 + 452. List the prime factors of u.
3, 23
Let b(i) = -344 + 349 - 52*i + 167*i. List the prime factors of b(1).
2, 3, 5
Let y = 537 + -381. Suppose -4*k = 2*n - 122, 3*k + y = -0*n + 3*n. What are the prime factors of n?
5, 11
Let l = -78 + 86. Let h(i) = i**2 - 6*i + 2. List the prime factors of h(l).
2, 3
Let j = -10 - -18. Suppose 0*b + 4*b - j = 0. Suppose -3*i + q = -b*q, -2*q + 3 = -i. List the prime factors of i.
3
Suppose -4*l - 1726 = -x, l = 4*l + 6. List the prime factors of x.
2, 859
Suppose -7*j = -10*j + 2052. List the prime factors of ((-2)/(-3))/(6/j).
2, 19
Let o(y) = 9*y**2 + 7*y + 1. Let c = 23 - 19. Let l be o(c). Let r = -115 + l. What are the prime factors of r?
2, 29
Let r be (-447)/(-21) - 4/14. Suppose -y = 5*l + 85, -2*y = -2*l - 5*y - r. List the prime factors of 50/15*(0 - l).
2, 3, 5
Suppose 0 = 2*y - 337 - 125. What are the prime factors of y?
3, 7, 11
Let y(p) = 3*p - 2. Let s be y(1). Let n(i) = 2*i + 1. Let d be n(s). Suppose 5*l = d*z - 6, -1 - 3 = -2*z - 2*l. What are the prime factors of z?
2
Suppose -4*i = 2*z + 20, 0 = 5*z - 5*i - 23 - 2. Suppose -h - 29 - 2 = z. Let w = 9 - h. List the prime factors of w.
2, 5
What are the prime factors of -38 - -45 - (-1 - (238 - -3))?
3, 83
Suppose 35*c - 4102 = 28938. What are the prime factors of c?
2, 59
Suppose -2*m = -5*w - 90, -2*m - 20 = 3*w + 18. Let s = w + 6. Let r = 21 + s. What are the prime factors of r?
11
What are the prime factors of ((-146250)/(-27))/25*30/4?
5, 13
Let r(x) = x**2 + 5*x + 6. Let l = 17 + -14. Suppose 2*i + 0 - 1 = l*a, 2*a = -3*i - 31. What are the prime factors of r(i)?
2, 5
Let u be 0 + 2 + 950/5. Suppose 2*m + 442 = 5*l - 0*m, 2*l + 3*m - u = 0. What are the prime factors of l?
2, 3, 5
Suppose 0 = -z + 31 - 22. Suppose z*i = 415 + 899. What are the prime factors of i?
2, 73
Suppose 4*q + 10 = -6. Let c be 14/q*(-72)/21. What are the prime factors of 376/c - 8/(-12)?
2
Let y(v) = v**2 + v - 9. Suppose -12*h = -11*h - 7. List the prime factors of y(h).
47
Let u(k) = -176*k**3 + 2*k**2 + 4*k + 3. What are the prime factors of u(-1)?
3, 59
Let f(i) = 8*i - 4. Suppose 0 = b - 6 + 3. Let o be f(b). Let m = o + 12. List the prime factors of m.
2
Let a(o) = 2*o + 15 + 9*o**2 + o**3 - 3 - 2*o. List the prime factors of a(-8).
2, 19
Let y be (-22)/(-99) + (-104)/(-18). Let o = y + -12. Let d(r) = r**2 + 2*r + 5. What are the prime factors of d(o)?
29
Suppose 7*z - 249 = 4*z. Suppose 4*h - 57 = z. Let f = h - 26. What are the prime factors of f?
3
Suppose -24*u = -7*u - 12954. What are the prime factors of u?
2, 3, 127
Suppose 20 - 8 = 6*d. Suppose 3*q - d*z - 75 = -5*z, 2*q - 4*z = 20. Let n = q - -17. List the prime factors of n.
37
Suppose 6*q = -4*q + 1590. List the prime factors of q.
3, 53
Let p = -22 - -61. Suppose 688 - p = 11*x. List the prime factors of x.
59
Let j = 161 - 336. Let v = j + 368. What are the prime factors of v?
193
List the prime factors of ((-7320)/36)/((-15)/54).
2, 3, 61
Suppose -18*v + 19254 = -12*v. List the prime factors of v.
3209
Let n(k) be the second derivative of -1/2*k**2 + 2/3*k**3 + 0 + 5/12*k**4 + k. List the prime factors of n(-2).
11
Suppose -4 + 13 = 3*g. Suppose -g*d = v - 109, 6*d - 2*d = 3*v + 167. List the prime factors of d.
2, 19
Let d(s) = 13*s**2 - 13*s - 16. List the prime factors of d(5).
2, 61
Let g(i) = -2*i**3 + i**2 - 6*i. Let f be ((-15)/5)/((-1)/(-1)). What are the prime factors of g(f)?
3
Let s be (11/33)/(1/15). Suppose s*q = -3*y - 6, -7*y - 3*q - 19 = -3*y. Let k(u) = -2*u - 3. List the prime factors of k(y).
11
Let o = 362 + -143. List the prime factors of o.
3, 73
Let y = -2242 - -2351. List the prime factors of y.
109
Suppose 2*v - 46 = -u, 5*v = -5*u + u + 121. Let l(g) = 1 - 16*g**2 - 14*g**2 + 29*g**2 - g + v*g**3. What are the prime factors of l(1)?
2, 5
Le